ommon factor of 5849855 and 1628?
11
Calculate the greatest common divisor of 3 and 103850193.
3
What is the greatest common factor of 9085169 and 2?
1
What is the highest common factor of 37998 and 8629768?
4222
What is the highest common divisor of 4044 and 29466269?
337
Calculate the greatest common divisor of 10 and 110705080.
10
Calculate the greatest common factor of 119940296 and 280.
56
What is the highest common factor of 172 and 1208420658?
86
What is the greatest common divisor of 8053208 and 8?
8
What is the highest common factor of 9055149 and 53472?
1671
What is the greatest common factor of 448 and 20431544?
56
Calculate the highest common factor of 1139156 and 805046.
3182
What is the greatest common divisor of 25031322 and 19?
19
What is the greatest common factor of 1815 and 994015?
605
Calculate the highest common divisor of 9153 and 16686.
81
What is the greatest common factor of 676757 and 212?
53
What is the greatest common factor of 145259739 and 72?
9
What is the greatest common factor of 18 and 363023739?
9
What is the highest common divisor of 769294 and 322337?
67
What is the greatest common divisor of 47285634 and 7986?
66
What is the highest common divisor of 196386 and 197308?
922
What is the greatest common divisor of 21837 and 31233?
87
Calculate the greatest common divisor of 102 and 6773436.
6
What is the highest common divisor of 1590 and 3523110?
30
What is the highest common factor of 1299 and 44553?
3
Calculate the greatest common divisor of 3232 and 81942512.
1616
What is the greatest common divisor of 2357348 and 7532?
28
What is the greatest common factor of 125 and 501320?
5
Calculate the highest common factor of 32669352 and 216.
216
What is the greatest common divisor of 4665 and 2736?
3
What is the greatest common divisor of 5818 and 482?
2
Calculate the greatest common factor of 729488 and 14.
2
What is the greatest common divisor of 44954743 and 3224?
31
What is the highest common divisor of 11610 and 146430?
90
Calculate the greatest common factor of 497417724 and 72.
36
What is the greatest common factor of 94 and 21088994?
94
What is the greatest common factor of 240 and 6765810?
30
What is the greatest common divisor of 570 and 375174?
114
What is the highest common factor of 4191903846 and 26?
26
What is the highest common factor of 24313512 and 72?
24
What is the highest common divisor of 19419 and 137635399?
6473
What is the greatest common divisor of 4599055 and 5?
5
Calculate the greatest common factor of 273527422 and 413.
413
What is the greatest common divisor of 29785 and 935410?
805
What is the greatest common factor of 22 and 2799174818?
22
Calculate the highest common divisor of 134792336 and 49.
49
Calculate the highest common factor of 4096473 and 94.
47
What is the highest common factor of 13224 and 997368?
696
What is the highest common factor of 3388656 and 114?
6
Calculate the highest common divisor of 1682148 and 1131.
39
What is the greatest common divisor of 41248295 and 7865?
605
Calculate the highest common factor of 59244 and 5172.
12
Calculate the highest common divisor of 188071708 and 604.
604
What is the highest common factor of 65272379 and 61?
61
What is the greatest common factor of 4386 and 1093814?
34
Calculate the greatest common factor of 6726 and 30270363.
3363
What is the greatest common divisor of 37281748 and 1169?
1169
Calculate the greatest common factor of 22805235 and 45.
45
Calculate the greatest common factor of 308480 and 368730.
2410
What is the highest common divisor of 44185716 and 2052?
2052
Calculate the highest common divisor of 98 and 258097.
7
Calculate the greatest common factor of 1410278 and 19043.
137
Calculate the greatest common divisor of 536487 and 17619.
21
Calculate the highest common divisor of 4312040 and 156262.
1978
Calculate the highest common divisor of 39925467 and 32310.
3231
Calculate the greatest common divisor of 1064 and 615695.
19
Calculate the highest common divisor of 12 and 76867764.
12
What is the greatest common divisor of 79772 and 455708?
44
What is the greatest common factor of 10148 and 487222?
118
What is the highest common divisor of 3342120 and 240?
120
Calculate the greatest common factor of 835866 and 5382.
414
What is the greatest common factor of 1878 and 23928?
6
What is the greatest common divisor of 56 and 788081?
7
What is the highest common divisor of 23232 and 11947584?
2112
Calculate the highest common divisor of 191126451 and 6915.
1383
Calculate the greatest common factor of 120 and 303781260.
60
What is the greatest common divisor of 4477831668 and 1061?
1061
What is the greatest common factor of 299832 and 43368?
312
What is the greatest common factor of 4713 and 44600690?
1571
What is the greatest common factor of 5758833 and 5871?
309
Calculate the greatest common factor of 456444780 and 11.
11
Calculate the greatest common divisor of 13686720 and 11298.
1614
What is the greatest common divisor of 28896 and 1280?
32
What is the highest common factor of 2346 and 281934?
138
Calculate the greatest common divisor of 32767601 and 235.
47
What is the greatest common divisor of 18258 and 2940612?
1074
Calculate the highest common factor of 460120439 and 709.
709
Calculate the highest common divisor of 46053 and 106253.
301
What is the highest common divisor of 1810 and 618655104?
362
Calculate the highest common divisor of 4191 and 64945133.
1397
Calculate the highest common divisor of 1444702 and 16058.
518
Calculate the highest common divisor of 14 and 26083379.
7
Calculate the greatest common divisor of 189 and 27796023.
9
Calculate the greatest common divisor of 20745 and 883845.
45
What is the highest common divisor of 1173 and 27850539?
1173
Calculate the highest common factor of 3978510 and 2272730.
4930
Calculate the highest common factor of 117853 and 12060.
67
Calculate the highest common divisor of 7940718 and 2331.
333
What is the highest common divisor of 270 and 8472480?
30
Calculate the highest common factor of 11064924 and 177008.
1924
What is the highest common factor of 3037680 and 51120?
720
What is the highest common divisor of 2888284 and 261?
29
Calculate the highest common factor of 350 and 76933150.
350
Calculate the highest common factor of 16915605 and 5.
5
Calculate the greatest common divisor of 344088 and 61236.
2916
Calculate the highest common factor of 25260 and 576636.
12
Calculate the highest common factor of 214199352 and 81.
9
What is the greatest common divisor of 183097 and 3330779?
661
Calculate the greatest common factor of 150025 and 161585.
85
Calculate the highest common factor of 803056071 and 57.
57
Calculate the highest common factor of 3096 and 368025132.
516
Calculate the greatest common factor of 1000 and 82105.
5
Calculate the greatest common factor of 14 and 1649493524.
14
Calculate the greatest common factor of 1188 and 10830780.
108
What is the greatest common factor of 509202 and 774?
18
Calculate the greatest common divisor of 3668569 and 7751.
23
What is the greatest common divisor of 52 and 12390937?
13
What is the greatest common factor of 468 and 585532701?
117
What is the highest common factor of 797402 and 2288336?
1598
Calculate the greatest common divisor of 9417563 and 10128.
211
What is the greatest common divisor of 10091822 and 246?
82
Calculate the highest common factor of 23156778 and 1086.
1086
Calculate the highest common factor of 36 and 1686164166.
18
What is the greatest common factor of 20520 and 125750360?
760
Calculate the highest common divisor of 613737 and 1701.
81
What is the highest common divisor of 15 and 122716020?
15
Calculate the highest common factor of 66878074 and 146.
146
Calculate the greatest common divisor of 28032 and 19319304.
1752
Calculate the highest common divisor of 2688 and 4848256.
896
What is the greatest common divisor of 1284790 and 1339?
13
What is the greatest common divisor of 230733 and 3069?
279
Calculate the greatest common divisor of 273 and 1733862.
39
What is the greatest common factor of 22085 and 56564102?
4417
What is the greatest common factor of 42585968 and 206?
206
Calculate the greatest common factor of 5548019 and 6989.
29
Calculate the highest common divisor of 250166